1 is divided by 3802?
67
What is the remainder when 38303 is divided by 38279?
24
What is the remainder when 2026 is divided by 12?
10
Calculate the remainder when 8643 is divided by 783.
30
What is the remainder when 1146 is divided by 93?
30
What is the remainder when 4914 is divided by 277?
205
Calculate the remainder when 19607 is divided by 101.
13
Calculate the remainder when 2239 is divided by 154.
83
Calculate the remainder when 9620 is divided by 9600.
20
What is the remainder when 65935 is divided by 19?
5
What is the remainder when 552274 is divided by 58?
56
Calculate the remainder when 8925 is divided by 528.
477
Calculate the remainder when 23549 is divided by 53.
17
Calculate the remainder when 14395 is divided by 50.
45
Calculate the remainder when 12658 is divided by 559.
360
What is the remainder when 6647 is divided by 495?
212
Calculate the remainder when 12704 is divided by 4194.
122
Calculate the remainder when 29386 is divided by 291.
286
What is the remainder when 50467 is divided by 80?
67
What is the remainder when 99705 is divided by 12?
9
Calculate the remainder when 44775 is divided by 116.
115
Calculate the remainder when 10566 is divided by 52.
10
What is the remainder when 10848 is divided by 217?
215
Calculate the remainder when 1490 is divided by 28.
6
Calculate the remainder when 6498 is divided by 1325.
1198
What is the remainder when 3229377 is divided by 210?
207
What is the remainder when 6677 is divided by 666?
17
What is the remainder when 14463 is divided by 903?
15
What is the remainder when 77086 is divided by 219?
217
What is the remainder when 11770 is divided by 5200?
1370
What is the remainder when 5100 is divided by 231?
18
What is the remainder when 27701 is divided by 6923?
9
Calculate the remainder when 948 is divided by 473.
2
Calculate the remainder when 122496 is divided by 10208.
0
What is the remainder when 5489 is divided by 45?
44
Calculate the remainder when 21033 is divided by 63.
54
Calculate the remainder when 17084 is divided by 49.
32
Calculate the remainder when 1003 is divided by 392.
219
What is the remainder when 29645 is divided by 29643?
2
Calculate the remainder when 2643941 is divided by 51.
50
Calculate the remainder when 632745 is divided by 5502.
15
Calculate the remainder when 672 is divided by 661.
11
What is the remainder when 22503 is divided by 7499?
6
What is the remainder when 465 is divided by 118?
111
Calculate the remainder when 1623 is divided by 55.
28
Calculate the remainder when 11718 is divided by 189.
0
What is the remainder when 7138 is divided by 104?
66
What is the remainder when 10952 is divided by 35?
32
Calculate the remainder when 24180 is divided by 96.
84
Calculate the remainder when 3199 is divided by 1045.
64
Calculate the remainder when 9695 is divided by 135.
110
What is the remainder when 5226 is divided by 5215?
11
What is the remainder when 51167 is divided by 24?
23
Calculate the remainder when 22080 is divided by 184.
0
Calculate the remainder when 4386 is divided by 1874.
638
What is the remainder when 116880 is divided by 155?
10
Calculate the remainder when 3536 is divided by 53.
38
What is the remainder when 255997 is divided by 171?
10
What is the remainder when 17795 is divided by 11?
8
Calculate the remainder when 455689 is divided by 88.
25
What is the remainder when 718 is divided by 122?
108
Calculate the remainder when 1191 is divided by 145.
31
Calculate the remainder when 4187 is divided by 38.
7
Calculate the remainder when 248531 is divided by 447.
446
Calculate the remainder when 2182 is divided by 92.
66
What is the remainder when 160767 is divided by 83?
79
What is the remainder when 471426 is divided by 103?
98
Calculate the remainder when 11674 is divided by 6.
4
Calculate the remainder when 47877 is divided by 20.
17
What is the remainder when 18918 is divided by 34?
14
What is the remainder when 1556 is divided by 1389?
167
What is the remainder when 19187 is divided by 6389?
20
Calculate the remainder when 61954 is divided by 40.
34
What is the remainder when 20443 is divided by 2068?
1831
Calculate the remainder when 299 is divided by 255.
44
What is the remainder when 76430 is divided by 447?
440
Calculate the remainder when 7268 is divided by 1434.
98
What is the remainder when 11956 is divided by 5977?
2
Calculate the remainder when 42555 is divided by 5318.
11
Calculate the remainder when 1411 is divided by 1378.
33
What is the remainder when 2701 is divided by 343?
300
What is the remainder when 2882 is divided by 73?
35
Calculate the remainder when 1560 is divided by 516.
12
Calculate the remainder when 506077 is divided by 50.
27
What is the remainder when 835323 is divided by 6?
3
Calculate the remainder when 79408 is divided by 19843.
36
Calculate the remainder when 30351 is divided by 86.
79
What is the remainder when 830363 is divided by 12034?
17
What is the remainder when 234085 is divided by 157?
155
Calculate the remainder when 32732 is divided by 5452.
20
Calculate the remainder when 50985 is divided by 12731.
61
Calculate the remainder when 16023 is divided by 90.
3
Calculate the remainder when 816 is divided by 807.
9
What is the remainder when 3561 is divided by 1154?
99
What is the remainder when 1881 is divided by 135?
126
Calculate the remainder when 9878 is divided by 1250.
1128
Calculate the remainder when 10873 is divided by 1359.
1
What is the remainder when 2716 is divided by 1926?
790
Calculate the remainder when 5680 is divided by 564.
40
Calculate the remainder when 284 is divided by 35.
4
Calculate the remainder when 34928 is divided by 4989.
5
What is the remainder when 5464 is divided by 407?
173
Calculate the remainder when 1024098 is divided by 490.
488
Calculate the remainder when 732 is divided by 560.
172
Calculate the remainder when 1775 is divided by 1608.
167
What is the remainder when 64500 is divided by 547?
501
Calculate the remainder when 3902 is divided by 1925.
52
What is the remainder when 7300 is divided by 3597?
106
Calculate the remainder when 1316771 is divided by 79.
78
What is the remainder when 65817 is divided by 5062?
11
What is the remainder when 399109 is divided by 8?
5
Calculate the remainder when 96966 is divided by 48471.
24
What is the remainder when 1208517 is divided by 120?
117
What is the remainder when 97478 is divided by 33?
29
Calculate the remainder when 157884 is divided by 2289.
2232
Calculate the remainder when 1476 is divided by 962.
514
What is the remainder when 3768 is divided by 188?
8
What is the remainder when 11759 is divided by 3914?
17
Calculate the remainder when 48671 is divided by 811.
11
What is the remainder when 2326497 is divided by 846?
843
What is the remainder when 19119 is divided by 3184?
15
Calculate the remainder when 2477 is divided by 153.
29
What is the remainder when 9567 is divided by 745?
627
Calculate the remainder when 5977 is divided by 5975.
2
Calculate the remainder when 2519 is divided by 1907.
612
Calculate the remainder when 225440 is divided by 14.
12
What is the remainder when 19032 is divided by 136?
128
What is the remainder when 11545 is divided by 25?
20
Calculate the remainder when 424045 is divided by 13.
11
Calculate the remainder when 36536 is divided by 2609.
10
What is the remainder when 281696 is divided by 3201?
8
What is the remainder when 69341 is divided by 69329?
12
What is the remainder when 100975 is divided by 41?
33
What is the remainder when 14852 is divided by 14809?
43
What is the remainder when 257510 is divided by 541?
535
What is the remainder when 7432 is divided by 17?
3
What is the remainder when 412925 is divided by 128?
125
Calculate the remainder when 327231 is divided by 23372.
23
Calculate the remainder when 1672 is divided by 1477.
195
Calculate the remainder when 1954 is divided by 125.
79
What is the remainder when 1132603 is divided by 16?
11
What is the remainder when 57583 is divided by 165?
163
Calculate the remainder when 67524 is divided by 183.
180
Calculate the remainder when 9119 is divided by 1823.
4
Calculate the remainder when 486911 is divided by 6670.
1
Calculate the remainder when 251952 is divided by 83984.
0
What is the remainder when 56631 